{"id":3447,"date":"2020-02-28T15:12:58","date_gmt":"2020-02-28T18:12:58","guid":{"rendered":"http:\/\/www.santaritadopassaquatro.sp.gov.br\/portal\/wp-content\/uploads\/2020\/02\/Santacarnafolia2020_01.jpg"},"modified":"2020-02-28T15:20:27","modified_gmt":"2020-02-28T18:20:27","slug":"santacarnafolia2020_01","status":"inherit","type":"attachment","link":"https:\/\/www.santaritadopassaquatro.sp.gov.br\/portal\/santacarnafolia2020_01\/","title":{"rendered":"Santacarnafolia2020_01"},"author":1,"featured_media":0,"comment_status":"closed","ping_status":"closed","template":"","meta":[],"class_list":["post-3447","attachment","type-attachment","status-inherit","hentry"],"description":{"rendered":"<p class=\"attachment\"><a href='https:\/\/www.santaritadopassaquatro.sp.gov.br\/portal\/wp-content\/uploads\/2020\/02\/Santacarnafolia2020_01.jpg'><img decoding=\"async\" width=\"300\" height=\"200\" src=\"https:\/\/www.santaritadopassaquatro.sp.gov.br\/portal\/wp-content\/uploads\/2020\/02\/Santacarnafolia2020_01-300x200.jpg\" class=\"attachment-medium size-medium\" alt=\"\" srcset=\"https:\/\/www.santaritadopassaquatro.sp.gov.br\/portal\/wp-content\/uploads\/2020\/02\/Santacarnafolia2020_01-300x200.jpg 300w, https:\/\/www.santaritadopassaquatro.sp.gov.br\/portal\/wp-content\/uploads\/2020\/02\/Santacarnafolia2020_01-768x512.jpg 768w, https:\/\/www.santaritadopassaquatro.sp.gov.br\/portal\/wp-content\/uploads\/2020\/02\/Santacarnafolia2020_01-1024x682.jpg 1024w\" sizes=\"(max-width: 300px) 100vw, 300px\" \/><\/a><\/p>\n"},"caption":{"rendered":"<p>P\u00fablico da cidade e turistas tomaram conta da Pra\u00e7a da Esta\u00e7\u00e3o nas quatro noites do Santacarnafolia 2020 (Sidney Junior\/Divulga\u00e7\u00e3o)<\/p>\n"},"alt_text":"","media_type":"image","mime_type":"image\/jpeg","media_details":{"width":2154,"height":1435,"file":"2020\/02\/Santacarnafolia2020_01.jpg","sizes":{"thumbnail":{"file":"Santacarnafolia2020_01-150x150.jpg","width":150,"height":150,"mime_type":"image\/jpeg","source_url":"https:\/\/www.santaritadopassaquatro.sp.gov.br\/portal\/wp-content\/uploads\/2020\/02\/Santacarnafolia2020_01-150x150.jpg"},"medium":{"file":"Santacarnafolia2020_01-300x200.jpg","width":300,"height":200,"mime_type":"image\/jpeg","source_url":"https:\/\/www.santaritadopassaquatro.sp.gov.br\/portal\/wp-content\/uploads\/2020\/02\/Santacarnafolia2020_01-300x200.jpg"},"medium_large":{"file":"Santacarnafolia2020_01-768x512.jpg","width":768,"height":512,"mime_type":"image\/jpeg","source_url":"https:\/\/www.santaritadopassaquatro.sp.gov.br\/portal\/wp-content\/uploads\/2020\/02\/Santacarnafolia2020_01-768x512.jpg"},"large":{"file":"Santacarnafolia2020_01-1024x682.jpg","width":1024,"height":682,"mime_type":"image\/jpeg","source_url":"https:\/\/www.santaritadopassaquatro.sp.gov.br\/portal\/wp-content\/uploads\/2020\/02\/Santacarnafolia2020_01-1024x682.jpg"},"colormag-highlighted-post":{"file":"Santacarnafolia2020_01-392x272.jpg","width":392,"height":272,"mime_type":"image\/jpeg","source_url":"https:\/\/www.santaritadopassaquatro.sp.gov.br\/portal\/wp-content\/uploads\/2020\/02\/Santacarnafolia2020_01-392x272.jpg"},"colormag-featured-post-medium":{"file":"Santacarnafolia2020_01-390x205.jpg","width":390,"height":205,"mime_type":"image\/jpeg","source_url":"https:\/\/www.santaritadopassaquatro.sp.gov.br\/portal\/wp-content\/uploads\/2020\/02\/Santacarnafolia2020_01-390x205.jpg"},"colormag-featured-post-small":{"file":"Santacarnafolia2020_01-130x90.jpg","width":130,"height":90,"mime_type":"image\/jpeg","source_url":"https:\/\/www.santaritadopassaquatro.sp.gov.br\/portal\/wp-content\/uploads\/2020\/02\/Santacarnafolia2020_01-130x90.jpg"},"colormag-featured-image":{"file":"Santacarnafolia2020_01-800x445.jpg","width":800,"height":445,"mime_type":"image\/jpeg","source_url":"https:\/\/www.santaritadopassaquatro.sp.gov.br\/portal\/wp-content\/uploads\/2020\/02\/Santacarnafolia2020_01-800x445.jpg"},"full":{"file":"Santacarnafolia2020_01.jpg","width":2154,"height":1435,"mime_type":"image\/jpeg","source_url":"https:\/\/www.santaritadopassaquatro.sp.gov.br\/portal\/wp-content\/uploads\/2020\/02\/Santacarnafolia2020_01.jpg"}},"image_meta":{"aperture":"2.8","credit":"","camera":"NIKON D7100","caption":"","created_timestamp":"1582407670","copyright":"SIDNEY JUNIOR FOTOGRAFIA","focal_length":"10.5","iso":"1000","shutter_speed":"0.02","title":"","orientation":"1","keywords":[]}},"post":null,"source_url":"https:\/\/www.santaritadopassaquatro.sp.gov.br\/portal\/wp-content\/uploads\/2020\/02\/Santacarnafolia2020_01.jpg","_links":{"self":[{"href":"https:\/\/www.santaritadopassaquatro.sp.gov.br\/portal\/wp-json\/wp\/v2\/media\/3447","targetHints":{"allow":["GET"]}}],"collection":[{"href":"https:\/\/www.santaritadopassaquatro.sp.gov.br\/portal\/wp-json\/wp\/v2\/media"}],"about":[{"href":"https:\/\/www.santaritadopassaquatro.sp.gov.br\/portal\/wp-json\/wp\/v2\/types\/attachment"}],"author":[{"embeddable":true,"href":"https:\/\/www.santaritadopassaquatro.sp.gov.br\/portal\/wp-json\/wp\/v2\/users\/1"}],"replies":[{"embeddable":true,"href":"https:\/\/www.santaritadopassaquatro.sp.gov.br\/portal\/wp-json\/wp\/v2\/comments?post=3447"}]}}

<p>Público da cidade e turistas tomaram conta da Praça da Estação nas quatro noites do Santacarnafolia 2020 (Sidney Junior/Divulgação)</p>
