{"id":12579,"date":"2025-07-15T09:34:00","date_gmt":"2025-07-15T12:34:00","guid":{"rendered":"https:\/\/www.santaritadopassaquatro.sp.gov.br\/portal\/?page_id=12579"},"modified":"2025-07-15T09:34:23","modified_gmt":"2025-07-15T12:34:23","slug":"diretora-da-vigilancia-sanitaria","status":"publish","type":"page","link":"https:\/\/www.santaritadopassaquatro.sp.gov.br\/portal\/diretora-da-vigilancia-sanitaria\/","title":{"rendered":"DIRETORA DA VIGIL\u00c2NCIA SANIT\u00c1RIA"},"content":{"rendered":"\n<p class=\"has-text-align-center\"><strong>J\u00e9ssica Linares<\/strong><\/p>\n\n\n\n<figure class=\"wp-block-image size-full is-resized\"><img decoding=\"async\" src=\"https:\/\/www.santaritadopassaquatro.sp.gov.br\/portal\/wp-content\/uploads\/2025\/07\/Jessica-Linares.png\" alt=\"\" class=\"wp-image-12580\" width=\"358\" height=\"448\"\/><\/figure>\n\n\n\n<p><strong>Dados de Contato:<\/strong><\/p>\n\n\n\n<p><strong>E-mail:<a href=\"mailto:visa@santaritadopassaquatro.sp.gov.br\"> visa@santaritadopassaquatro.sp.gov.br<\/a><\/strong><\/p>\n\n\n\n<p><strong>Telefone: (19) 3584-8243<\/strong><\/p>\n\n\n\n<p><strong>Endere\u00e7o: <\/strong>RuaJos\u00e9 Rodrigues Palhares, 155 &#8211; Vila Moda &#8211; Santa Rita do Passa Quatro \u2013 SP<\/p>\n\n\n\n<div class=\"wp-block-buttons is-layout-flex wp-block-buttons-is-layout-flex\"><\/div>\n","protected":false},"excerpt":{"rendered":"<p>J\u00e9ssica Linares Dados de Contato: E-mail: visa@santaritadopassaquatro.sp.gov.br Telefone: (19) 3584-8243 Endere\u00e7o: RuaJos\u00e9 Rodrigues Palhares, 155 &#8211; Vila Moda &#8211; Santa<\/p>\n","protected":false},"author":1,"featured_media":0,"parent":0,"menu_order":0,"comment_status":"closed","ping_status":"closed","template":"","meta":{"footnotes":""},"class_list":["post-12579","page","type-page","status-publish","hentry"],"_links":{"self":[{"href":"https:\/\/www.santaritadopassaquatro.sp.gov.br\/portal\/wp-json\/wp\/v2\/pages\/12579","targetHints":{"allow":["GET"]}}],"collection":[{"href":"https:\/\/www.santaritadopassaquatro.sp.gov.br\/portal\/wp-json\/wp\/v2\/pages"}],"about":[{"href":"https:\/\/www.santaritadopassaquatro.sp.gov.br\/portal\/wp-json\/wp\/v2\/types\/page"}],"author":[{"embeddable":true,"href":"https:\/\/www.santaritadopassaquatro.sp.gov.br\/portal\/wp-json\/wp\/v2\/users\/1"}],"replies":[{"embeddable":true,"href":"https:\/\/www.santaritadopassaquatro.sp.gov.br\/portal\/wp-json\/wp\/v2\/comments?post=12579"}],"version-history":[{"count":2,"href":"https:\/\/www.santaritadopassaquatro.sp.gov.br\/portal\/wp-json\/wp\/v2\/pages\/12579\/revisions"}],"predecessor-version":[{"id":12582,"href":"https:\/\/www.santaritadopassaquatro.sp.gov.br\/portal\/wp-json\/wp\/v2\/pages\/12579\/revisions\/12582"}],"wp:attachment":[{"href":"https:\/\/www.santaritadopassaquatro.sp.gov.br\/portal\/wp-json\/wp\/v2\/media?parent=12579"}],"curies":[{"name":"wp","href":"https:\/\/api.w.org\/{rel}","templated":true}]}}