{"id":3687,"date":"2020-04-16T18:41:13","date_gmt":"2020-04-16T21:41:13","guid":{"rendered":"http:\/\/www.santaritadopassaquatro.sp.gov.br\/portal\/?page_id=3687"},"modified":"2023-10-04T10:16:25","modified_gmt":"2023-10-04T13:16:25","slug":"audiencia-publica-lei-de-diretrizes-orcamentarias-ldo-202117","status":"publish","type":"page","link":"https:\/\/www.santaritadopassaquatro.sp.gov.br\/portal\/audiencia-publica-lei-de-diretrizes-orcamentarias-ldo-202117\/","title":{"rendered":"Consulta P\u00fablica Lei de Diretrizes Or\u00e7ament\u00e1rias LDO 2024"},"content":{"rendered":"<h2 style=\"text-align: left;\"><span style=\"font-size: 14pt;\">Arquivos Vinculados<\/span><\/h2>\n<h2><span style=\"font-size: 14pt;\">Formul\u00e1rios Vinculados<\/span><\/h2>\n<p style=\"text-align: center;\"><span style=\"text-decoration: underline;\">Sugest\u00f5es para a LDO &#8211; Lei de Diretrizes Or\u00e7ament\u00e1rias<\/span><br \/>\nEste question\u00e1rio tem como objetivo ajudar a Prefeitura de Santa Rita do Passa Quatro a elaborar alista de prioridades da Lei de Diretrizes Or\u00e7ament\u00e1rias &#8211; LDO 2024<\/p>\n<p style=\"text-align: center;\"><span style=\"font-size: 24pt;\"><strong>PRAZO ENCERRADO.<\/strong><\/span><\/p>\n","protected":false},"excerpt":{"rendered":"<p>Arquivos Vinculados Formul\u00e1rios Vinculados Sugest\u00f5es para a LDO &#8211; Lei de Diretrizes Or\u00e7ament\u00e1rias Este question\u00e1rio tem como objetivo ajudar a<\/p>\n","protected":false},"author":1,"featured_media":0,"parent":0,"menu_order":0,"comment_status":"closed","ping_status":"closed","template":"","meta":{"footnotes":""},"class_list":["post-3687","page","type-page","status-publish","hentry"],"_links":{"self":[{"href":"https:\/\/www.santaritadopassaquatro.sp.gov.br\/portal\/wp-json\/wp\/v2\/pages\/3687","targetHints":{"allow":["GET"]}}],"collection":[{"href":"https:\/\/www.santaritadopassaquatro.sp.gov.br\/portal\/wp-json\/wp\/v2\/pages"}],"about":[{"href":"https:\/\/www.santaritadopassaquatro.sp.gov.br\/portal\/wp-json\/wp\/v2\/types\/page"}],"author":[{"embeddable":true,"href":"https:\/\/www.santaritadopassaquatro.sp.gov.br\/portal\/wp-json\/wp\/v2\/users\/1"}],"replies":[{"embeddable":true,"href":"https:\/\/www.santaritadopassaquatro.sp.gov.br\/portal\/wp-json\/wp\/v2\/comments?post=3687"}],"version-history":[{"count":14,"href":"https:\/\/www.santaritadopassaquatro.sp.gov.br\/portal\/wp-json\/wp\/v2\/pages\/3687\/revisions"}],"predecessor-version":[{"id":9468,"href":"https:\/\/www.santaritadopassaquatro.sp.gov.br\/portal\/wp-json\/wp\/v2\/pages\/3687\/revisions\/9468"}],"wp:attachment":[{"href":"https:\/\/www.santaritadopassaquatro.sp.gov.br\/portal\/wp-json\/wp\/v2\/media?parent=3687"}],"curies":[{"name":"wp","href":"https:\/\/api.w.org\/{rel}","templated":true}]}}