{"id":4823,"date":"2021-06-23T13:41:49","date_gmt":"2021-06-23T16:41:49","guid":{"rendered":"http:\/\/www.santaritadopassaquatro.sp.gov.br\/portal\/?page_id=4823"},"modified":"2024-05-30T10:43:39","modified_gmt":"2024-05-30T13:43:39","slug":"base-comum-curricular","status":"publish","type":"page","link":"https:\/\/www.santaritadopassaquatro.sp.gov.br\/portal\/base-comum-curricular\/","title":{"rendered":"BASE COMUM CURRICULAR"},"content":{"rendered":"<p><strong>A BNCC \u2013 BASE NACIONAL COMUM CURRICULAR &#8211; NO MUNIC\u00cdPIO DE SANTA RITA DO PASSA QUATRO<\/strong><\/p>\n<p>A concep\u00e7\u00e3o de educa\u00e7\u00e3o deve concretizar os princ\u00edpios de inclus\u00e3o, equidade e diversidade sublinhados pela BNCC e, pensando nisso, o Departamento Municipal de Educa\u00e7\u00e3o torna p\u00fablica a ades\u00e3o a esse documento que visa a forma\u00e7\u00e3o e o desenvolvimento global dos estudantes, compreendendo \u201ca complexidade e a n\u00e3o linearidade desse desenvolvimento, rompendo com vis\u00f5es reducionistas que privilegiam ou a dimens\u00e3o intelectual (cognitiva) ou a dimens\u00e3o afetiva\u201d (BNCC, 2017, p. 14).<\/p>\n<p>INTRODU\u00c7\u00c3O \u2013 BASE COMUM CURRICULAR<\/p>\n<ul>\n<li><a href=\"http:\/\/www.santaritadopassaquatro.sp.gov.br\/portal\/wp-content\/uploads\/2024\/05\/PLANEJAMENTO-CRECHES-atualizado-2024.pdf\" target=\"_blank\" rel=\"noopener\">PLANEJAMENTO CRECHES atualizado 2024<\/a><\/li>\n<li><a href=\"http:\/\/www.santaritadopassaquatro.sp.gov.br\/portal\/wp-content\/uploads\/2024\/05\/PLANEJAMENTO-EMEIS-atualizado-2024.pdf\" target=\"_blank\" rel=\"noopener\">PLANEJAMENTO EMEIS atualizado 2024<\/a><\/li>\n<\/ul>\n<ul>\n<li><a href=\"http:\/\/www.santaritadopassaquatro.sp.gov.br\/portal\/wp-content\/uploads\/2021\/06\/CARTA-EXECUTIVO.pdf\" target=\"_blank\" rel=\"noopener\">APRESENTA\u00c7\u00c3O<\/a><\/li>\n<li><a href=\"http:\/\/www.santaritadopassaquatro.sp.gov.br\/portal\/wp-content\/uploads\/2021\/06\/CRECHES-PLANO-ANUAL-2021.pdf\" target=\"_blank\" rel=\"noopener\">Base Comum Curricular \u2013 Educa\u00e7\u00e3o Infantil \u2013 CRECHES<\/a><\/li>\n<li><a href=\"http:\/\/www.santaritadopassaquatro.sp.gov.br\/portal\/wp-content\/uploads\/2021\/06\/EDUCA\u00c7\u00c3O-INFANTIL.pdf\" target=\"_blank\" rel=\"noopener\">Base Comum Curricular \u2013 Educa\u00e7\u00e3o Infantil \u2013 PR\u00c9-ESCOLA<\/a><\/li>\n<li><a href=\"http:\/\/www.santaritadopassaquatro.sp.gov.br\/portal\/wp-content\/uploads\/2021\/06\/HABILIDADES-BNCC-do-1\u00ba-ao-5\u00ba-ANO.pdf\" target=\"_blank\" rel=\"noopener\">Base Comum Curricular \u2013 Ensino Fundamental I: 1\u00ba ao 5\u00ba Ano<\/a><\/li>\n<li><a href=\"http:\/\/www.santaritadopassaquatro.sp.gov.br\/portal\/wp-content\/uploads\/2021\/06\/HABILIDADES-BNCC-6\u00ba-ao-9\u00ba-ANO.pdf\" target=\"_blank\" rel=\"noopener\">Base Comum Curricular \u2013 Ensino Fundamental II: 6\u00ba ao 9\u00ba Ano<\/a><\/li>\n<\/ul>\n","protected":false},"excerpt":{"rendered":"<p>A BNCC \u2013 BASE NACIONAL COMUM CURRICULAR &#8211; NO MUNIC\u00cdPIO DE SANTA RITA DO PASSA QUATRO A concep\u00e7\u00e3o de educa\u00e7\u00e3o<\/p>\n","protected":false},"author":1,"featured_media":0,"parent":0,"menu_order":0,"comment_status":"closed","ping_status":"closed","template":"","meta":{"footnotes":""},"class_list":["post-4823","page","type-page","status-publish","hentry"],"_links":{"self":[{"href":"https:\/\/www.santaritadopassaquatro.sp.gov.br\/portal\/wp-json\/wp\/v2\/pages\/4823","targetHints":{"allow":["GET"]}}],"collection":[{"href":"https:\/\/www.santaritadopassaquatro.sp.gov.br\/portal\/wp-json\/wp\/v2\/pages"}],"about":[{"href":"https:\/\/www.santaritadopassaquatro.sp.gov.br\/portal\/wp-json\/wp\/v2\/types\/page"}],"author":[{"embeddable":true,"href":"https:\/\/www.santaritadopassaquatro.sp.gov.br\/portal\/wp-json\/wp\/v2\/users\/1"}],"replies":[{"embeddable":true,"href":"https:\/\/www.santaritadopassaquatro.sp.gov.br\/portal\/wp-json\/wp\/v2\/comments?post=4823"}],"version-history":[{"count":6,"href":"https:\/\/www.santaritadopassaquatro.sp.gov.br\/portal\/wp-json\/wp\/v2\/pages\/4823\/revisions"}],"predecessor-version":[{"id":10134,"href":"https:\/\/www.santaritadopassaquatro.sp.gov.br\/portal\/wp-json\/wp\/v2\/pages\/4823\/revisions\/10134"}],"wp:attachment":[{"href":"https:\/\/www.santaritadopassaquatro.sp.gov.br\/portal\/wp-json\/wp\/v2\/media?parent=4823"}],"curies":[{"name":"wp","href":"https:\/\/api.w.org\/{rel}","templated":true}]}}

<p><strong>A BNCC – BASE NACIONAL COMUM CURRICULAR &#8211; NO MUNICÍPIO DE SANTA RITA DO PASSA QUATRO</strong></p>
<p>A concepção de educação deve concretizar os princípios de inclusão, equidade e diversidade sublinhados pela BNCC e, pensando nisso, o Departamento Municipal de Educação torna pública a adesão a esse documento que visa a formação e o desenvolvimento global dos estudantes, compreendendo “a complexidade e a não linearidade desse desenvolvimento, rompendo com visões reducionistas que privilegiam ou a dimensão intelectual (cognitiva) ou a dimensão afetiva” (BNCC, 2017, p. 14).</p>
<p>INTRODUÇÃO – BASE COMUM CURRICULAR</p>
<ul>
<li><a href="http://www.santaritadopassaquatro.sp.gov.br/portal/wp-content/uploads/2024/05/PLANEJAMENTO-CRECHES-atualizado-2024.pdf" target="_blank" rel="noopener">PLANEJAMENTO CRECHES atualizado 2024</a></li>
<li><a href="http://www.santaritadopassaquatro.sp.gov.br/portal/wp-content/uploads/2024/05/PLANEJAMENTO-EMEIS-atualizado-2024.pdf" target="_blank" rel="noopener">PLANEJAMENTO EMEIS atualizado 2024</a></li>
</ul>
<ul>
<li><a href="http://www.santaritadopassaquatro.sp.gov.br/portal/wp-content/uploads/2021/06/CARTA-EXECUTIVO.pdf" target="_blank" rel="noopener">APRESENTAÇÃO</a></li>
<li><a href="http://www.santaritadopassaquatro.sp.gov.br/portal/wp-content/uploads/2021/06/CRECHES-PLANO-ANUAL-2021.pdf" target="_blank" rel="noopener">Base Comum Curricular – Educação Infantil – CRECHES</a></li>
<li><a href="http://www.santaritadopassaquatro.sp.gov.br/portal/wp-content/uploads/2021/06/EDUCAÇÃO-INFANTIL.pdf" target="_blank" rel="noopener">Base Comum Curricular – Educação Infantil – PRÉ-ESCOLA</a></li>
<li><a href="http://www.santaritadopassaquatro.sp.gov.br/portal/wp-content/uploads/2021/06/HABILIDADES-BNCC-do-1º-ao-5º-ANO.pdf" target="_blank" rel="noopener">Base Comum Curricular – Ensino Fundamental I: 1º ao 5º Ano</a></li>
<li><a href="http://www.santaritadopassaquatro.sp.gov.br/portal/wp-content/uploads/2021/06/HABILIDADES-BNCC-6º-ao-9º-ANO.pdf" target="_blank" rel="noopener">Base Comum Curricular – Ensino Fundamental II: 6º ao 9º Ano</a></li>
</ul>

<p>A BNCC – BASE NACIONAL COMUM CURRICULAR &#8211; NO MUNICÍPIO DE SANTA RITA DO PASSA QUATRO A concepção de educação</p>
